 -142, 0 = 3*y + 5*c - 54 - 52. Suppose y = 4*p - 38. Suppose -x = x - p. What is the tens digit of x?
1
Let m(d) = 2*d. Let z be m(2). Let l = z + 2. What is the units digit of l?
6
Let o be (-16)/(-4) - 4/(-2). Let r(z) = z**2 - 4. What is the tens digit of r(o)?
3
Let c be (-2 + 3)*(-1 + 4). Let o be (-8)/c*(-5 + -1). Suppose o = p + p. What is the units digit of p?
8
Suppose -4*z + z + 35 = -j, -59 = -5*z + j. Let r = z + -6. What is the units digit of r?
6
Let o(d) = -d**2. Let s be o(-1). Let c = 5 + s. Suppose 5*k + 15 = c*v + v, -15 = -3*v - 3*k. What is the units digit of v?
4
Suppose 3*i + 3*i = 228. What is the tens digit of i?
3
Suppose 0 = 5*i - 148 - 132. What is the tens digit of i?
5
Suppose s = -0*s + 53. What is the tens digit of s?
5
Let p(n) be the second derivative of -n**5/20 - n**4/6 + 2*n**3/3 + n. What is the units digit of p(-4)?
6
Let i(g) = 5*g - 1. What is the units digit of i(8)?
9
Suppose 4*g + 45 = -15. What is the tens digit of 9/1 + g/(-5)?
1
Let x(k) = k**3 + 3*k**2 + 3*k - 4*k**3 - 4*k**2 + 2*k**3 + 2. What is the tens digit of x(-3)?
1
Suppose 5*l - 12 = 8. Suppose p - l*j = -j + 18, 0 = -2*p + 2*j + 24. What is the units digit of p?
9
Let a = 18 + -33. Let f = a + 18. What is the units digit of f?
3
Let p = 2 + -4. What is the units digit of (-30)/p*9/15?
9
Let b(i) = -i - 1. Let y be b(1). Let t be y*1 - (2 + -2). What is the units digit of 2 - -1 - (t + 4)?
1
Let g(t) = t**3 + t + 3. Let m be g(0). Suppose 0 = -2*r - 3*d + 22, 1 + m = r + 5*d. What is the units digit of r?
4
Let r = -103 + 176. What is the tens digit of r?
7
Let l(k) = 3*k**2 + 3*k + 2. Let b be l(3). Suppose -x = 5*q - b, 3*q + 24 = -0*x + 3*x. What is the units digit of x?
3
Let q(f) = f**2 - 13*f + 19. What is the tens digit of q(17)?
8
Let x = -13 - -21. Suppose 49 = -3*a + x*a + 3*h, -5*h = -a - 7. What is the units digit of a?
8
Suppose 3*r + 8 = 4*h + 7*r, 0 = -3*h + 2*r + 6. Let j(n) = 29*n**3 + 2*n**2 - 1. Let t be j(1). Suppose 0 = -h*i - i + t. What is the units digit of i?
0
Suppose -k + 99 = 9. Suppose -5*x = -2*u + 90, k = -3*x - 2*x + 4*u. What is the units digit of 2 + (-5)/(15/x)?
8
Let f(m) = 2*m**2 + 2*m. What is the tens digit of f(-5)?
4
Let y(v) = -7*v - 10. What is the units digit of y(-4)?
8
Let d(z) = z + 6. Let a be d(4). Let h = a + 21. What is the units digit of h?
1
Let l(z) = -3*z + 3. Let w be -2 - (4 + -6)/(-2). What is the tens digit of l(w)?
1
Let d = -6 - -11. Let n(l) = 6*l**2 + 1. Let x be n(2). Suppose -5*w + d*o = -x, 4*w - 2*o - 14 = 6. What is the units digit of w?
5
Let o(x) = 130*x**2 - 5*x. What is the hundreds digit of o(-1)?
1
What is the units digit of -14*(-4)/(-16)*-2?
7
Let m(v) = 2 + 0*v - 3*v - 1. What is the tens digit of m(-5)?
1
Let c = -3 + 92. What is the units digit of c?
9
Let x = 7 - -9. Let a = -9 + x. Suppose i - a = 7. What is the units digit of i?
4
Let u be 3/(-6) + 39/6. Suppose 0 = 4*q - 6 - u. What is the units digit of q?
3
Let l be 90/2 - (-1 - -3). Suppose 5*d + 4*a + 0*a = l, d - 14 = a. What is the tens digit of d?
1
Let t(f) = f**2 - 5*f + 2. Let o be t(5). What is the units digit of (-100)/(-26) - o/(-13)?
4
Let w(k) = k**2 + 5*k - 4. What is the tens digit of w(4)?
3
Suppose -216 = -6*k + 2*k. What is the units digit of k?
4
Let k(r) = -2*r + 1. Let y be k(1). Let a = 2 - y. Suppose -3*u = 5*v - 4*u - 44, a*v + 3*u = 30. What is the units digit of v?
9
Let s(t) = t**3 + 25*t**2 + 39*t - 30. What is the units digit of s(-23)?
1
What is the tens digit of 6/(-9) - 178/(-6)?
2
Suppose -4*q = -2*u, -2*u + 0*q + 5*q - 3 = 0. Let d be 1/3 + 160/u. Suppose -4*p + 30 = -0*g + 5*g, g - d = -5*p. What is the units digit of p?
5
Suppose -4*p = -5*c - 568, -3*p - 3*c + 2*c + 445 = 0. Suppose 5*f = 4*s + 18 - 139, -5*s + 2*f = -p. What is the units digit of s?
9
Suppose -4*j - p = -0*j - 34, 0 = -3*j + 5*p + 14. Suppose -j - 2 = -2*k - m, -k + m = -11. What is the units digit of k?
7
Let o(r) = -r + 11. Let v be o(13). Let q(s) = 7*s**2 + 2*s - 2. What is the tens digit of q(v)?
2
Let y be -3 - (-1 - (3 + 15)). Suppose y - 160 = -6*b. What is the units digit of b?
4
Let j(d) = 12*d - 27. What is the units digit of j(8)?
9
Let p(w) = w**2 + 4*w - 2. Let t be -4 - 1 - (1 - 1). Let r be p(t). Suppose r*l + 3 = 9. What is the units digit of l?
2
Let x = -20 - -23. Suppose 2*o = 2 + 8. Let a = o + x. What is the units digit of a?
8
Suppose -325 = 6*m - 11*m. What is the tens digit of m?
6
Let n be (-1)/4 - (-39)/12. Suppose -9 = n*s - 45. What is the units digit of (16/s)/(1/15)?
0
Let j(p) = 5*p**2 + 1. Let y be j(-1). What is the units digit of (-9)/y - 35/(-10)?
2
Let u be 5/25 - 174/(-5). Suppose -5*c = -3*l - u - 15, -l = 0. Suppose 0 = -3*w + 4*w - c. What is the units digit of w?
0
Let t = -1 + 2. What is the units digit of t?
1
Suppose -3*o + 2*o - 7 = 0. Let s(h) = -h**3 - 8*h**2 - 8*h - 5. What is the units digit of s(o)?
2
Let z = -23 - -48. What is the units digit of z?
5
What is the units digit of (-99)/(-1) + 2/(-2)?
8
Suppose -4*l = 2*p + 2*p - 64, -29 = -4*p + 3*l. What is the tens digit of p?
1
Let c(a) = -39*a**2 - a. Let p be c(-1). Suppose d + 8 + 17 = 0. Let n = d - p. What is the tens digit of n?
1
Let c = 8 + -7. What is the units digit of c?
1
Let k(b) = 3*b**2 - b - 3. What is the tens digit of k(4)?
4
Let h be 4 + (-3 - -3)/(-1). Let t(b) = -b**3 + 9*b**2 - 8*b. Let m be t(8). Let d = m + h. What is the units digit of d?
4
Suppose -6 = -p + 2*p + z, -33 = 3*p - 2*z. Let b = p + 11. Suppose -1 = -3*w + b. What is the units digit of w?
1
Let b = 371 + -148. What is the units digit of b?
3
Suppose -13*x = -280 - 812. What is the units digit of x?
4
Suppose -10*r + x + 1209 = -6*r, 0 = 4*r + x - 1215. What is the tens digit of r?
0
Let p = -410 - -688. What is the units digit of p?
8
Let z(r) = 67*r**3 - 2*r + 1. What is the tens digit of z(1)?
6
Suppose -15 = -3*b - 0*b. What is the units digit of b?
5
Suppose -2*u + 4*u - 8 = 0. Suppose 4*o - 160 = -u*z, -2*o + 120 = o + z. What is the tens digit of o?
4
What is the units digit of ((-220)/(-15))/((-4)/(-6))?
2
Let r = -1 - -7. What is the units digit of r?
6
Suppose -2*z + 3*v = 2*z - 198, 3*z = -2*v + 157. What is the tens digit of z?
5
Let c be (0 - -3) + 2 + -4. Let t be (0 - c) + (-9 - -2). Let a = 12 + t. What is the units digit of a?
4
Let l(g) = -g**2 + 4*g - 6. Let s be l(4). Let i(r) = -r**2 - 8*r + 2. What is the tens digit of i(s)?
1
What is the units digit of -78*(0 + 3/(-2))?
7
Let g(b) = b**2 - 6*b - 7. Suppose -m - 6 = 3*n, 7*m - 24 = 4*m + 5*n. Let k = m + 6. What is the tens digit of g(k)?
2
Suppose 0*b + 42 = 3*b - 4*i, 2*b - i = 23. What is the tens digit of b?
1
What is the units digit of 75/2 + 1/2?
8
Suppose 0 = 4*x - 2 - 50. Let g = x + -27. What is the tens digit of ((-77)/g)/(2/4)?
1
Let w = 8 + -6. Suppose w*b - 3 = -19. What is the tens digit of 102/8 - 2/b?
1
Suppose -3*f - 24 = 3. Let l(i) = 15*i**3 - i**2 + 1. Let n be l(-1). Let a = f - n. What is the units digit of a?
6
Let w = 137 + -33. Suppose -3*y - 2*y + 98 = -f, -5*y - 2*f = -w. What is the units digit of y?
0
Suppose 3*l = x - 2*x + 14, 5*l = 15. Suppose t = x*t - 64. What is the units digit of t?
6
Suppose -3*j + 78 = -0*j. What is the units digit of j?
6
Let n(j) = 3*j**2 - 24*j - 7. What is the tens digit of n(10)?
5
Suppose -14 = -p - 3. Let v = 21 - p. What is the tens digit of v?
1
Let b(a) = -a**2 + 5*a + 0*a - 3 + 0*a - a. Let q be b(4). What is the units digit of (q/(-4))/((-2)/(-16))?
6
Let c = 0 - -2. Suppose c*k + 3*k = 55. Suppose 2*z - k = -o, 2*o + 15 = 7*o + 2*z. What is the units digit of o?
1
Suppose -2*n + 66 = 5*w + 436, 5*w = n + 200. What is the units digit of n/4*(-12)/10?
7
Let n(x) = -2*x**2 + x. Let t(s) = -s - 1. Let k(m) = -n(m) - 2*t(m). What is the tens digit of k(-3)?
1
Let t(w) = -w + 7. Let d be t(6). Let f = d - -2. What is the units digit of f?
3
Let h = 4 - 1. Suppose -k + 2 + h = 0. Suppose -18 = -2*b + 2*g, 0*g + 9 = 4*b + k*g. What is the units digit of b?
6
Suppose -4*r = -169 - 55. What is the units digit of r?
6
Let n be ((-2)/4)/(6/(-240)). Suppose -2*p - 2*p = -n. What is the units digit of p?
5
Let n = 67 - 31. What is the tens digit of n?
3
Let d = 6 + -1. Suppose -d*o 